{"id":7780,"date":"2026-03-02T00:44:10","date_gmt":"2026-03-02T03:44:10","guid":{"rendered":"https:\/\/guia-pilar.ar\/domus\/?page_id=7780"},"modified":"2026-03-02T00:59:12","modified_gmt":"2026-03-02T03:59:12","slug":"quienes-somos","status":"publish","type":"page","link":"https:\/\/guia-pilar.ar\/domus\/quienes-somos\/","title":{"rendered":"Quienes somos"},"content":{"rendered":"\t\t<div data-elementor-type=\"wp-page\" data-elementor-id=\"7780\" class=\"elementor elementor-7780\">\n\t\t\t\t<div class=\"elementor-element elementor-element-4059abe e-con-full e-flex e-con e-parent\" data-id=\"4059abe\" data-element_type=\"container\" data-e-type=\"container\">\n\t\t<div class=\"elementor-element elementor-element-3cf2ecf e-con-full e-flex e-con e-child\" data-id=\"3cf2ecf\" data-element_type=\"container\" data-e-type=\"container\" data-settings=\"{&quot;background_background&quot;:&quot;classic&quot;}\">\n\t\t\t\t<div class=\"elementor-element elementor-element-0240687 elementor-invisible elementor-widget elementor-widget-heading\" data-id=\"0240687\" data-element_type=\"widget\" data-e-type=\"widget\" data-settings=\"{&quot;_animation&quot;:&quot;slideInDown&quot;}\" data-widget_type=\"heading.default\">\n\t\t\t\t<div class=\"elementor-widget-container\">\n\t\t\t\t\t<h1 class=\"elementor-heading-title elementor-size-default\">Quienes somos<\/h1>\t\t\t\t<\/div>\n\t\t\t\t<\/div>\n\t\t\t\t<\/div>\n\t\t\t\t<\/div>\n\t\t<div class=\"elementor-element elementor-element-69542ca e-flex e-con-boxed e-con e-parent\" data-id=\"69542ca\" data-element_type=\"container\" data-e-type=\"container\">\n\t\t\t\t\t<div class=\"e-con-inner\">\n\t\t<div class=\"elementor-element elementor-element-ec4cf99 e-flex e-con-boxed e-con e-child\" data-id=\"ec4cf99\" data-element_type=\"container\" data-e-type=\"container\">\n\t\t\t\t\t<div class=\"e-con-inner\">\n\t\t<div class=\"elementor-element elementor-element-b26d622 e-con-full e-flex e-con e-child\" data-id=\"b26d622\" data-element_type=\"container\" data-e-type=\"container\" data-settings=\"{&quot;background_background&quot;:&quot;classic&quot;}\">\n\t\t\t\t<div class=\"elementor-element elementor-element-69a5b66 elementor-widget elementor-widget-heading\" data-id=\"69a5b66\" data-element_type=\"widget\" data-e-type=\"widget\" data-widget_type=\"heading.default\">\n\t\t\t\t<div class=\"elementor-widget-container\">\n\t\t\t\t\t<h2 class=\"elementor-heading-title elementor-size-default\">Mart\u00edn Moretti | Abogado, Martillero y Tasador (CMCPSM 2962)<\/h2>\t\t\t\t<\/div>\n\t\t\t\t<\/div>\n\t\t\t\t<\/div>\n\t\t<div class=\"elementor-element elementor-element-b9400cc e-con-full e-flex e-con e-child\" data-id=\"b9400cc\" data-element_type=\"container\" data-e-type=\"container\">\n\t\t\t\t<div class=\"elementor-element elementor-element-7d58195 elementor-align-justify elementor-widget elementor-widget-button\" data-id=\"7d58195\" data-element_type=\"widget\" data-e-type=\"widget\" data-widget_type=\"button.default\">\n\t\t\t\t<div class=\"elementor-widget-container\">\n\t\t\t\t\t\t\t\t\t<div class=\"elementor-button-wrapper\">\n\t\t\t\t\t<a class=\"elementor-button elementor-button-link elementor-size-sm\" href=\"#\">\n\t\t\t\t\t\t<span class=\"elementor-button-content-wrapper\">\n\t\t\t\t\t\t<span class=\"elementor-button-icon\">\n\t\t\t\t<i aria-hidden=\"true\" class=\"fab fa-whatsapp\"><\/i>\t\t\t<\/span>\n\t\t\t\t\t\t\t\t\t<span class=\"elementor-button-text\">CONTACTO<\/span>\n\t\t\t\t\t<\/span>\n\t\t\t\t\t<\/a>\n\t\t\t\t<\/div>\n\t\t\t\t\t\t\t\t<\/div>\n\t\t\t\t<\/div>\n\t\t\t\t<\/div>\n\t\t\t\t\t<\/div>\n\t\t\t\t<\/div>\n\t\t\t\t\t<\/div>\n\t\t\t\t<\/div>\n\t\t<div class=\"elementor-element elementor-element-268f8a7 e-flex e-con-boxed e-con e-parent\" data-id=\"268f8a7\" data-element_type=\"container\" data-e-type=\"container\">\n\t\t\t\t\t<div class=\"e-con-inner\">\n\t\t<div class=\"elementor-element elementor-element-22055a4 e-con-full e-flex e-con e-child\" data-id=\"22055a4\" data-element_type=\"container\" data-e-type=\"container\">\n\t\t\t\t<div class=\"elementor-element elementor-element-3c1c428 elementor-widget elementor-widget-text-editor\" data-id=\"3c1c428\" data-element_type=\"widget\" data-e-type=\"widget\" data-widget_type=\"text-editor.default\">\n\t\t\t\t<div class=\"elementor-widget-container\">\n\t\t\t\t\t\t\t\t\t<p>En el din\u00e1mico mundo de los bienes ra\u00edces, la diferencia la marca el conocimiento. Soy Mart\u00edn Moretti, Martillero y Corredor P\u00fablico, Abogado, y cuento con un Posgrado en Derecho y Tecnolog\u00eda. Esta combinaci\u00f3n no es casualidad: responde a la necesidad de ofrecer un asesoramiento 360\u00b0 que va m\u00e1s all\u00e1 de la simple intermediaci\u00f3n.<\/p><p>Con m\u00e1s de 20 a\u00f1os de trayectoria profesional en Zona Oeste y Norte del Gran Buenos Aires \u2014con base en Ciudad Jard\u00edn, Lomas del Palomar\u2014 he construido una carrera basada en la confidencialidad, la precisi\u00f3n t\u00e9cnica y el compromiso irrestricto con los intereses de mis clientes.<\/p><p>Mi objetivo es transformar la incertidumbre en certeza. Ya sea que est\u00e9s dando el primer paso para adquirir tu hogar, diversificando tu patrimonio con inversiones comerciales, o necesitando una tasaci\u00f3n con rigor metodol\u00f3gico, te ofrezco el respaldo de un profesional que habla el mismo idioma que los abogados, los contadores y la tecnolog\u00eda.<\/p>\t\t\t\t\t\t\t\t<\/div>\n\t\t\t\t<\/div>\n\t\t\t\t<\/div>\n\t\t<div class=\"elementor-element elementor-element-c87c86f e-con-full e-flex e-con e-child\" data-id=\"c87c86f\" data-element_type=\"container\" data-e-type=\"container\">\n\t\t\t\t<div class=\"elementor-element elementor-element-144e60f elementor-widget elementor-widget-image\" data-id=\"144e60f\" data-element_type=\"widget\" data-e-type=\"widget\" data-widget_type=\"image.default\">\n\t\t\t\t<div class=\"elementor-widget-container\">\n\t\t\t\t\t\t\t\t\t\t\t\t\t\t\t<img fetchpriority=\"high\" decoding=\"async\" width=\"600\" height=\"630\" src=\"https:\/\/guia-pilar.ar\/domus\/wp-content\/uploads\/2026\/03\/Martin-Moretti.webp\" class=\"attachment-large size-large wp-image-7786\" alt=\"\" srcset=\"https:\/\/guia-pilar.ar\/domus\/wp-content\/uploads\/2026\/03\/Martin-Moretti.webp 600w, https:\/\/guia-pilar.ar\/domus\/wp-content\/uploads\/2026\/03\/Martin-Moretti-286x300.webp 286w, https:\/\/guia-pilar.ar\/domus\/wp-content\/uploads\/2026\/03\/Martin-Moretti-64x67.webp 64w\" sizes=\"(max-width: 600px) 100vw, 600px\" \/>\t\t\t\t\t\t\t\t\t\t\t\t\t\t\t<\/div>\n\t\t\t\t<\/div>\n\t\t\t\t<\/div>\n\t\t\t\t\t<\/div>\n\t\t\t\t<\/div>\n\t\t<div class=\"elementor-element elementor-element-4aa65c05 e-con-full e-flex e-con e-parent\" data-id=\"4aa65c05\" data-element_type=\"container\" data-e-type=\"container\" data-settings=\"{&quot;background_background&quot;:&quot;classic&quot;}\">\n\t\t\t\t<div class=\"elementor-element elementor-element-311307d8 elementor-widget elementor-widget-heading\" data-id=\"311307d8\" data-element_type=\"widget\" data-e-type=\"widget\" data-widget_type=\"heading.default\">\n\t\t\t\t<div class=\"elementor-widget-container\">\n\t\t\t\t\t<h3 class=\"elementor-heading-title elementor-size-default\">M\u00e1s de 20 a\u00f1os de trayectoria profesional en Zona Oeste y Norte del Gran Buenos Aires<\/h3>\t\t\t\t<\/div>\n\t\t\t\t<\/div>\n\t\t\t\t<div class=\"elementor-element elementor-element-14b54edd elementor-align-center elementor-widget elementor-widget-button\" data-id=\"14b54edd\" data-element_type=\"widget\" data-e-type=\"widget\" data-widget_type=\"button.default\">\n\t\t\t\t<div class=\"elementor-widget-container\">\n\t\t\t\t\t\t\t\t\t<div class=\"elementor-button-wrapper\">\n\t\t\t\t\t<a class=\"elementor-button elementor-button-link elementor-size-sm\" href=\"#\">\n\t\t\t\t\t\t<span class=\"elementor-button-content-wrapper\">\n\t\t\t\t\t\t\t\t\t<span class=\"elementor-button-text\">Contacto v\u00eda WhatsAppp<\/span>\n\t\t\t\t\t<\/span>\n\t\t\t\t\t<\/a>\n\t\t\t\t<\/div>\n\t\t\t\t\t\t\t\t<\/div>\n\t\t\t\t<\/div>\n\t\t\t\t<\/div>\n\t\t<div class=\"elementor-element elementor-element-632f490 e-flex e-con-boxed e-con e-parent\" data-id=\"632f490\" data-element_type=\"container\" data-e-type=\"container\">\n\t\t\t\t\t<div class=\"e-con-inner\">\n\t\t<div class=\"elementor-element elementor-element-53e8316 e-con-full e-flex e-con e-child\" data-id=\"53e8316\" data-element_type=\"container\" data-e-type=\"container\">\n\t\t\t\t<div class=\"elementor-element elementor-element-fde3aaa elementor-widget elementor-widget-heading\" data-id=\"fde3aaa\" data-element_type=\"widget\" data-e-type=\"widget\" data-widget_type=\"heading.default\">\n\t\t\t\t<div class=\"elementor-widget-container\">\n\t\t\t\t\t<h2 class=\"elementor-heading-title elementor-size-default\">MISI\u00d3N<\/h2>\t\t\t\t<\/div>\n\t\t\t\t<\/div>\n\t\t\t\t<div class=\"elementor-element elementor-element-d40d89b elementor-widget elementor-widget-text-editor\" data-id=\"d40d89b\" data-element_type=\"widget\" data-e-type=\"widget\" data-widget_type=\"text-editor.default\">\n\t\t\t\t<div class=\"elementor-widget-container\">\n\t\t\t\t\t\t\t\t\t<p>\u00abAcompa\u00f1ar a las personas y empresas en la concreci\u00f3n de sus proyectos inmobiliarios en Zona Norte y Oeste del Gran Buenos Aires, brindando un asesoramiento integral que combina la solvencia jur\u00eddica del abogado, la precisi\u00f3n t\u00e9cnica del tasador y la eficiencia de las herramientas tecnol\u00f3gicas m\u00e1s avanzadas. Nos comprometemos a transformar cada operaci\u00f3n en una experiencia de certeza, transparencia y absoluta confidencialidad.\u00bb<\/p>\t\t\t\t\t\t\t\t<\/div>\n\t\t\t\t<\/div>\n\t\t\t\t<\/div>\n\t\t<div class=\"elementor-element elementor-element-c41b30e e-con-full e-flex e-con e-child\" data-id=\"c41b30e\" data-element_type=\"container\" data-e-type=\"container\">\n\t\t\t\t<div class=\"elementor-element elementor-element-dba5763 elementor-widget elementor-widget-heading\" data-id=\"dba5763\" data-element_type=\"widget\" data-e-type=\"widget\" data-widget_type=\"heading.default\">\n\t\t\t\t<div class=\"elementor-widget-container\">\n\t\t\t\t\t<h2 class=\"elementor-heading-title elementor-size-default\">MISI\u00d3N<\/h2>\t\t\t\t<\/div>\n\t\t\t\t<\/div>\n\t\t\t\t<div class=\"elementor-element elementor-element-1a48e1f elementor-widget elementor-widget-text-editor\" data-id=\"1a48e1f\" data-element_type=\"widget\" data-e-type=\"widget\" data-widget_type=\"text-editor.default\">\n\t\t\t\t<div class=\"elementor-widget-container\">\n\t\t\t\t\t\t\t\t\t\u00abSer la inmobiliaria de referencia indiscutida en el corredor Norte-Oeste del Gran Buenos Aires, reconocida por profesionalizar el mercado a trav\u00e9s de la innovaci\u00f3n y el respaldo jur\u00eddico. Aspiramos a que cada cliente, ya sea comprador o vendedor, perciba a Moretti Bienes Ra\u00edces no solo como un intermediario, sino como el socio estrat\u00e9gico que eleva el est\u00e1ndar de confianza y seguridad en el negocio inmobiliario.\u00bb\t\t\t\t\t\t\t\t<\/div>\n\t\t\t\t<\/div>\n\t\t\t\t<\/div>\n\t\t\t\t\t<\/div>\n\t\t\t\t<\/div>\n\t\t<div class=\"elementor-element elementor-element-dd9432c e-flex e-con-boxed e-con e-parent\" data-id=\"dd9432c\" data-element_type=\"container\" data-e-type=\"container\">\n\t\t\t\t\t<div class=\"e-con-inner\">\n\t\t<div class=\"elementor-element elementor-element-0272e81 e-con-full e-flex e-con e-child\" data-id=\"0272e81\" data-element_type=\"container\" data-e-type=\"container\">\n\t\t\t\t<div class=\"elementor-element elementor-element-67fd43e elementor-widget elementor-widget-heading\" data-id=\"67fd43e\" data-element_type=\"widget\" data-e-type=\"widget\" data-widget_type=\"heading.default\">\n\t\t\t\t<div class=\"elementor-widget-container\">\n\t\t\t\t\t<h2 class=\"elementor-heading-title elementor-size-default\">NUESTROS VALORES<\/h2>\t\t\t\t<\/div>\n\t\t\t\t<\/div>\n\t\t\t\t<div class=\"elementor-element elementor-element-78bc165 elementor-widget elementor-widget-text-editor\" data-id=\"78bc165\" data-element_type=\"widget\" data-e-type=\"widget\" data-widget_type=\"text-editor.default\">\n\t\t\t\t<div class=\"elementor-widget-container\">\n\t\t\t\t\t\t\t\t\t<p><strong>1. Confianza con Respaldo T\u00e9cnico:<\/strong><br \/>No creemos en la confianza ingenua. La construimos a diario con informes precisos, argumentos legales s\u00f3lidos y una comunicaci\u00f3n honesta. Nuestra palabra est\u00e1 avalada por 20 a\u00f1os de trayectoria y una matr\u00edcula profesional que nos respalda.<\/p>\t\t\t\t\t\t\t\t<\/div>\n\t\t\t\t<\/div>\n\t\t\t\t<div class=\"elementor-element elementor-element-5d60a49 elementor-widget elementor-widget-text-editor\" data-id=\"5d60a49\" data-element_type=\"widget\" data-e-type=\"widget\" data-widget_type=\"text-editor.default\">\n\t\t\t\t<div class=\"elementor-widget-container\">\n\t\t\t\t\t\t\t\t\t<p><strong>2. Confidencialidad Absoluta:<\/strong><br \/>Entendemos que detr\u00e1s de cada propiedad hay una historia, un patrimonio y, muchas veces, una estrategia. Resguardamos la informaci\u00f3n de nuestros clientes con el mismo sigilo y responsabilidad que exige la pr\u00e1ctica del derecho.<\/p>\t\t\t\t\t\t\t\t<\/div>\n\t\t\t\t<\/div>\n\t\t\t\t<div class=\"elementor-element elementor-element-0e2a361 elementor-widget elementor-widget-text-editor\" data-id=\"0e2a361\" data-element_type=\"widget\" data-e-type=\"widget\" data-widget_type=\"text-editor.default\">\n\t\t\t\t<div class=\"elementor-widget-container\">\n\t\t\t\t\t\t\t\t\t<p><strong>3. Innovaci\u00f3n con<br \/>Prop\u00f3sito:<\/strong><br \/>Adoptamos la tecnolog\u00eda no por moda, sino para servir mejor. Cada herramienta digital implementada tiene un solo objetivo: darte respuestas en tiempo real, agilizar tus tiempos y hacer tu negocio m\u00e1s eficiente.<\/p>\t\t\t\t\t\t\t\t<\/div>\n\t\t\t\t<\/div>\n\t\t\t\t<\/div>\n\t\t<div class=\"elementor-element elementor-element-d51598a e-con-full e-flex e-con e-child\" data-id=\"d51598a\" data-element_type=\"container\" data-e-type=\"container\">\n\t\t\t\t<div class=\"elementor-element elementor-element-a8186fb elementor-widget elementor-widget-text-editor\" data-id=\"a8186fb\" data-element_type=\"widget\" data-e-type=\"widget\" data-widget_type=\"text-editor.default\">\n\t\t\t\t<div class=\"elementor-widget-container\">\n\t\t\t\t\t\t\t\t\t<p><strong>4. Compromiso Personalizado :<\/strong><br \/>En un mundo donde todo se despersonaliza, nosotros apostamos por la cercan\u00eda. Cada cliente es \u00fanico, y merece una estrategia a medida. No eres un \u00abexpediente\u00bb m\u00e1s; eres una persona con un proyecto que merece atenci\u00f3n dedicada.<\/p><p><strong>5. Visi\u00f3n Integral<br \/>del servicio :<\/strong><br \/>Miramos el negocio inmobiliario en 3D. Analizamos la oportunidad comercial, pero tambi\u00e9n el marco legal y la proyecci\u00f3n a futuro. Esta mirada 360\u00b0 nos permite anticipar riesgos y maximizar el valor de tu patrimonio.<\/p>\t\t\t\t\t\t\t\t<\/div>\n\t\t\t\t<\/div>\n\t\t\t\t<\/div>\n\t\t\t\t\t<\/div>\n\t\t\t\t<\/div>\n\t\t\t\t<\/div>\n\t\t","protected":false},"excerpt":{"rendered":"<p>Quienes somos Mart\u00edn Moretti | Abogado, Martillero y Tasador (CMCPSM 2962) CONTACTO En el din\u00e1mico mundo de los bienes ra\u00edces, la diferencia la marca el conocimiento. Soy Mart\u00edn Moretti, Martillero y Corredor P\u00fablico, Abogado, y cuento con un Posgrado en Derecho y Tecnolog\u00eda. Esta combinaci\u00f3n no es casualidad: responde a la necesidad de ofrecer un [&hellip;]<\/p>\n","protected":false},"author":3,"featured_media":0,"parent":0,"menu_order":0,"comment_status":"closed","ping_status":"closed","template":"","meta":{"site-sidebar-layout":"no-sidebar","site-content-layout":"","ast-site-content-layout":"full-width-container","site-content-style":"default","site-sidebar-style":"default","ast-global-header-display":"","ast-banner-title-visibility":"","ast-main-header-display":"","ast-hfb-above-header-display":"","ast-hfb-below-header-display":"","ast-hfb-mobile-header-display":"","site-post-title":"disabled","ast-breadcrumbs-content":"","ast-featured-img":"disabled","footer-sml-layout":"","ast-disable-related-posts":"","theme-transparent-header-meta":"default","adv-header-id-meta":"","stick-header-meta":"","header-above-stick-meta":"","header-main-stick-meta":"","header-below-stick-meta":"","astra-migrate-meta-layouts":"set","ast-page-background-enabled":"default","ast-page-background-meta":{"desktop":{"background-color":"var(--ast-global-color-4)","background-image":"","background-repeat":"repeat","background-position":"center center","background-size":"auto","background-attachment":"scroll","background-type":"","background-media":"","overlay-type":"","overlay-color":"","overlay-opacity":"","overlay-gradient":""},"tablet":{"background-color":"","background-image":"","background-repeat":"repeat","background-position":"center center","background-size":"auto","background-attachment":"scroll","background-type":"","background-media":"","overlay-type":"","overlay-color":"","overlay-opacity":"","overlay-gradient":""},"mobile":{"background-color":"","background-image":"","background-repeat":"repeat","background-position":"center center","background-size":"auto","background-attachment":"scroll","background-type":"","background-media":"","overlay-type":"","overlay-color":"","overlay-opacity":"","overlay-gradient":""}},"ast-content-background-meta":{"desktop":{"background-color":"var(--ast-global-color-5)","background-image":"","background-repeat":"repeat","background-position":"center center","background-size":"auto","background-attachment":"scroll","background-type":"","background-media":"","overlay-type":"","overlay-color":"","overlay-opacity":"","overlay-gradient":""},"tablet":{"background-color":"var(--ast-global-color-5)","background-image":"","background-repeat":"repeat","background-position":"center center","background-size":"auto","background-attachment":"scroll","background-type":"","background-media":"","overlay-type":"","overlay-color":"","overlay-opacity":"","overlay-gradient":""},"mobile":{"background-color":"var(--ast-global-color-5)","background-image":"","background-repeat":"repeat","background-position":"center center","background-size":"auto","background-attachment":"scroll","background-type":"","background-media":"","overlay-type":"","overlay-color":"","overlay-opacity":"","overlay-gradient":""}},"_joinchat":[],"footnotes":""},"class_list":["post-7780","page","type-page","status-publish","hentry"],"_links":{"self":[{"href":"https:\/\/guia-pilar.ar\/domus\/wp-json\/wp\/v2\/pages\/7780","targetHints":{"allow":["GET"]}}],"collection":[{"href":"https:\/\/guia-pilar.ar\/domus\/wp-json\/wp\/v2\/pages"}],"about":[{"href":"https:\/\/guia-pilar.ar\/domus\/wp-json\/wp\/v2\/types\/page"}],"author":[{"embeddable":true,"href":"https:\/\/guia-pilar.ar\/domus\/wp-json\/wp\/v2\/users\/3"}],"replies":[{"embeddable":true,"href":"https:\/\/guia-pilar.ar\/domus\/wp-json\/wp\/v2\/comments?post=7780"}],"version-history":[{"count":13,"href":"https:\/\/guia-pilar.ar\/domus\/wp-json\/wp\/v2\/pages\/7780\/revisions"}],"predecessor-version":[{"id":7795,"href":"https:\/\/guia-pilar.ar\/domus\/wp-json\/wp\/v2\/pages\/7780\/revisions\/7795"}],"wp:attachment":[{"href":"https:\/\/guia-pilar.ar\/domus\/wp-json\/wp\/v2\/media?parent=7780"}],"curies":[{"name":"wp","href":"https:\/\/api.w.org\/{rel}","templated":true}]}}